
513914
In base 4, what is 1311 - 13013022?
-13011111
In base 7, what is 30 + -3164?
-3134
In base 5, what is 2001100 + 112?
2001212
In base 13, what is 88 + -1?
87
In base 8, what is -545 + -14763?
-15530
In base 14, what is 3212 + 169?
337b
In base 10, what is -24 + -3015?
-3039
In base 13, what is -18b4 + -2?
-18b6
In base 4, what is -1 - -30301331?
30301330
In base 4, what is 103 - -11101000?
11101103
In base 9, what is -4185 - 5?
-4201
In base 4, what is -10023 + 210213?
200130
In base 2, what is 101000010111010110 + -11?
101000010111010011
In base 2, what is 100111010010110100010 - -1?
100111010010110100011
In base 8, what is 2513 + 16?
2531
In base 8, what is 0 + 61042?
61042
In base 13, what is 10 + 1304?
1314
In base 4, what is -2323 - -11320?
2331
In base 9, what is 4 - 108121?
-108116
In base 2, what is -10101 - -1011001011110000?
1011001011011011
In base 2, what is -100010000011110 + 101?
-100010000011001
In base 7, what is 23 - 624?
-601
In base 10, what is -4 + -37831?
-37835
In base 16, what is -32 + dee9?
deb7
In base 7, what is 3426 + -115?
3311
In base 7, what is -41122 - 12?
-41134
In base 14, what is -1b86 - -4?
-1b82
In base 10, what is 273049 + -2?
273047
In base 7, what is -25 - 36454?
-36512
In base 7, what is 1631 + 54?
2015
In base 10, what is 27050 - 21?
27029
In base 7, what is 126426 - -36?
126465
In base 14, what is 1 + 18792?
18793
In base 13, what is 5 + 3b739?
3b741
In base 10, what is 1374254 + 2?
1374256
In base 4, what is 101 - 320113?
-320012
In base 9, what is -1 - 34808?
-34810
In base 5, what is -43132 + 220?
-42412
In base 4, what is -31202331 + 122?
-31202203
In base 13, what is 10a + 1a37?
1b44
In base 10, what is -46051 + -1?
-46052
In base 8, what is -644451 - 2?
-644453
In base 9, what is 5 - -68142?
68147
In base 16, what is 110db + -3?
110d8
In base 8, what is -12 - -25625?
25613
In base 5, what is 4 + 2234?
2243
In base 10, what is -399 - 1523?
-1922
In base 2, what is -10 - 10001111001111?
-10001111010001
In base 3, what is 1101 - 1002001?
-1000200
In base 12, what is 4 + 2061a3?
2061a7
In base 13, what is -3c6 - -bb?
-308
In base 8, what is 7213 - -1031?
10244
In base 15, what is -6d3 + 173?
-560
In base 12, what is 10 - -9a51?
9a61
In base 12, what is -6533 + 18?
-6517
In base 10, what is 54 + -1031?
-977
In base 15, what is -12 - 30741?
-30753
In base 3, what is -122012 - -20212212?
20020200
In base 8, what is 140 - -264?
424
In base 10, what is -15 - 26463?
-26478
In base 14, what is 9b6a - 3?
9b67
In base 10, what is -4 + -45339?
-45343
In base 10, what is 125 + -581?
-456
In base 3, what is -11101211221 - 12?
-11101212010
In base 9, what is 60223 - -48?
60272
In base 2, what is -10111001100 + -1001001?
-11000010101
In base 9, what is 3 + -14415?
-14412
In base 13, what is -4818 + -15?
-4830
In base 9, what is -32 + -701?
-733
In base 14, what is -6 - -17ad?
17a7
In base 9, what is -55653 - 2?
-55655
In base 10, what is 94 - -6595?
6689
In base 2, what is -1111110000 - 100111?
-10000010111
In base 7, what is -2 - -21603?
21601
In base 16, what is -f7c5 - 4?
-f7c9
In base 8, what is -3 - 127522?
-127525
In base 11, what is 47132 - 5?
47128
In base 4, what is -10201 + 2033?
-2102
In base 7, what is 50 - -226?
306
In base 12, what is 789 - 11a?
66b
In base 14, what is 4b10 - 4c?
4aa2
In base 5, what is -2434 + -44321?
-102310
In base 6, what is 1210 + 32030?
33240
In base 12, what is 24906 + -5?
24901
In base 15, what is -ca + -5e?
-139
In base 7, what is 3 - -12103?
12106
In base 7, what is -4 + -63143?
-63150
In base 11, what is 185a + -20?
183a
In base 16, what is -2 - 613d?
-613f
In base 7, what is -5 - -41251?
41243
In base 13, what is -26 + -232c0?
-23316
In base 8, what is -112230 - -25?
-112203
In base 11, what is 4 + 5861?
5865
In base 11, what is 0 + -2934a?
-2934a
In base 8, what is 714705 + -2?
714703
In base 2, what is -1001111100 + -110010?
-1010101110
In base 11, what is 13 + 22586?
22599
In base 7, what is 1 - -201442?
201443
In base 7, what is 41245 + 4?
41252
In base 8, what is -71355 + 12?
-71343
In base 7, what is -42 - 253524?
-253566
In base 6, what is -300104 + -10?
-300114
In base 16, what is -2 - -5bf7?
5bf5
In base 6, what is -1211401 - -11?
-1211350
In base 12, what is -5377a + 2?
-53778
In base 3, what is -2020120122 - 10?
-2020120202
In base 4, what is -3 - 211301230?
-211301233
In base 12, what is 2b138 + a?
2b146
In base 4, what is -11231 + -1021?
-12312
In base 2, what is -11011001101111101 + 100?
-11011001101111001
In base 5, what is -4 + -24344412?
-24344421
In base 16, what is 731c + -4?
7318
In base 10, what is -419 - 130?
-549
In base 12, what is 859 + -1a?
83b
In base 5, what is 2022414 - -10?
2022424
In base 7, what is 10 + 1610552?
1610562
In base 12, what is -22 - 878?
-89a
In base 16, what is 47c - 83?
3f9
In base 8, what is -2 + 52756?
52754
In base 8, what is 3 - 53637?
-53634
In base 7, what is -125 - 20014?
-20142
In base 3, what is -11 + -1112220?
-1120001
In base 15, what is 2 + a2eb?
a2ed
In base 9, what is -3034120 - -2?
-3034117
In base 15, what is 3c - b99?
-b5c
In base 12, what is 30a - -19?
327
In base 12, what is 7bb3b5 + 1?
7bb3b6
In base 3, what is 22 + 112220?
120012
In base 9, what is -4 + -84774?
-84778
In base 3, what is 122 - 10122?
-10000
In base 3, what is 10 + -2121202111112?
-2121202111102
In base 8, what is 1 - 210046?
-210045
In base 3, what is -1002200212 + 11?
-1002200201
In base 8, what is -6443 + 61?
-6362
In base 4, what is 20200101 + -11?
20200030
In base 6, what is 1 + -1055250?
-1055245
In base 5, what is 1 - 2414140?
-2414134
In base 15, what is 2 + 88e4b?
88e4d
In base 15, what is 434 - -3?
437
In base 4, what is 303001312 - -11?
303001323
In base 13, what is 23 - 6073?
-6050
In base 10, what is 3 + 11494?
11497
In base 3, what is -1021222122 + 10100?
-1021212022
In base 10, what is -454 - 12481?
-12935
In base 7, what is -13331 + 306?
-13022
In base 12, what is 5 + -b532b?
-b5326
In base 8, what is 116 + -1343?
-1225
In base 9, what is 166 + 12?
178
In base 4, what is 3001 + -102223?
-33222
In base 6, what is 150343 + 1?
150344
In base 3, what is -11 + 102010211?
102010200
In base 11, what is -307 + 32a?
23
In base 16, what is -6f5 - -7f?
-676
In base 9, what is 2222 - 35?
2176
In base 9, what is 102 - 156?
-54
In base 15, what is -2 + a2e93?
a2e91
In base 9, what is -34 + -3144?
-3178
In base 5, what is 103321302 + 2?
103321304
In base 14, what is 0 + -16c?
-16c
In base 14, what is 49a0b - 5?
49a06
In base 16, what is -81979 - 5?
-8197e
In base 7, what is -21 - -5244?
5223
In base 10, what is -838 - -1256?
418
In base 2, what is -1011010110 + -110011111100?
-111111010010
In base 12, what is -21 + -7136?
-7157
In base 2, what is 1000100001 + 101011001011?
110011101100
In base 15, what is -18 + 3a8?
390
In base 11, what is 2 - -4559?
4560
In base 5, what is 2 - -1431?
1433
In base 15, what is 5e4 + 12?
606
In base 10, what is 1 + 5066?
5067
In base 8, what is 77003 - -1?
77004
In base 3, what is -20 + 21000001?
20222211
In base 14, what is -b4 + 21?
-93
In base 9, what is -611124 + 4?
-611120
In base 7, what is 22 - 1022352?
-1022330
In base 8, what is 115 - 62101?
-61764
In base 7, what is -11260263 + 5?
-11260255
In base 12, what is -148 + 97?
-71
In base 13, what is -802 + -c9?
-8cb
In base 16, what is 5472 + 3?
5475
In base 10, what is 7 + 21926?
21933
In base 3, what is 12 + -20201011121?
-20201011102
In base 9, what is 122 - 1060?
-837
In base 2, what is 100011001000010 - 101?
100011000111101
In base 6, what is 3231 - 241?
2550
In base 2, what is -10 - 111000101001111?
-111000101010001
In base 9, what is -120000 + -53?
-120053
In base 3, what is 2022022 + 2222?
2102021
In base 14, what is -ac41 - -4?
-ac3b
In base 4, what is -2003312 - -201?
-2003111
In base 2, what is 100000001001011 + 1101?
100000001011000
In base 9, what is 3538 + -154?
3374
In base 10, what is 0 - -6858?
6858
In base 16, what is -67 + -92da?
-9341
In base 4, what is 30231 - 12?
30213
In base 16, what is -1 - -291e?
291d
In base 2, what is 1 + -10000000010000010?
-10000000010000001
In base 3, what is 2010221 - -202100?
2220021
In base 2, what is -101 + 111110011100?
111110010111
In base 12, what is 5 + -25315?
-25310
In base 8, what is